21540. What are the prime factors of r?
2, 359
Let k = 5026 - 3363. What are the prime factors of k?
1663
Let w = 2137 + -877. What are the prime factors of w?
2, 3, 5, 7
Suppose 0 = 5*d - 2*c - 357, -3*c = 4*d - 167 - 137. Suppose -23 + d = 5*g. Let s = g + 14. List the prime factors of s.
2, 3
Let t(g) = -2*g**2 - 7*g - 1. Let n be t(-3). Suppose -n*p + 124 = -p. List the prime factors of p.
2, 31
Suppose i - 139 = 5*r - 2*r, -90 = 2*r + 2*i. Let v = -5 - 16. Let q = v - r. What are the prime factors of q?
5
Suppose 0 = -5*c - 4*y - 7, 4*c + c - 4*y = -23. List the prime factors of 9 - -25 - (2 + c)*4.
2, 19
Suppose -42 + 180 = 6*h. Suppose 89 = l + h. What are the prime factors of l?
2, 3, 11
Let r(v) be the second derivative of 7*v**3/6 + 5*v. Let s(b) = 34*b. Let q(l) = 14*r(l) - 3*s(l). List the prime factors of q(-3).
2, 3
Let f = -30 - -28. What are the prime factors of f/5 - (-554)/10?
5, 11
Suppose -3*p = -3*g + 15, 13 = 5*g + 3*p - 5*p. Let t be (g + -1)/(0 - -3). Suppose t*z - 2*z + 12 = 0. List the prime factors of z.
2, 3
Let s(u) = 1 + 11*u - 6*u - 5*u + 20*u**3 - u**2. What are the prime factors of s(1)?
2, 5
Suppose 288 = -7*g + 22. Let z = 40 - g. List the prime factors of z.
2, 3, 13
Let w be 282/9 - (-2)/(-6). Let x = w - 24. List the prime factors of x.
7
Let h = 46 + -26. Suppose -5*z - h = -10*z - c, 0 = -2*z - 2*c + 8. Suppose 0 = -z*q + q + 120. What are the prime factors of q?
2, 5
Suppose u - 11 + 36 = -3*y, 2*u = -3*y - 23. Let r(q) = 16*q**2 - 4 - 2*q - 8*q - 9*q**2 + q**2 + q**3. What are the prime factors of r(y)?
5
Let d(s) = -s**3 - 29*s**2 - 11*s + 56. What are the prime factors of d(-29)?
3, 5
Let p = -263 + 487. Suppose -p = -3*j - 41. List the prime factors of j.
61
Let l be 1/(4 - (-58)/(-14)). Let a(m) = -6*m**2 - 4*m - 18. Let s(k) = 5*k**2 + 4*k + 17. Let z(d) = l*s(d) - 6*a(d). What are the prime factors of z(9)?
2, 17
Let r(t) = t**3 - 2*t**2 + 0*t**2 - 1 + 12 - 9*t**2 + 9*t. Let x be r(10). Suppose 2*q - 49 = x. List the prime factors of q.
5
Let x(v) = v**3 - v**2 - 16*v + 16. List the prime factors of x(9).
2, 5, 13
Suppose c + 5*l - 2*l - 1587 = 0, 0 = -l - 3. List the prime factors of c.
2, 3, 7, 19
What are the prime factors of (-36246)/(-30) - 1/5?
2, 151
Let n = -23 + -32. Let b be (n/4)/((-1)/4). Suppose -3*d + b + 35 = 0. List the prime factors of d.
2, 3, 5
Suppose -3*l - 5 = -2*l, 0 = -2*p + 2*l + 14. Let v be 0 + -1 + 546/p. What are the prime factors of v/9 - 8/36?
2, 3, 5
Let n(v) = -v**2 - 27*v - 47. Let j be n(-25). Suppose -g + 150 = -5*d + 31, -3*d - 333 = -j*g. List the prime factors of g.
109
Let g(o) = 6*o**2 - 11*o - 5. Let z be g(-5). Suppose 0 = 4*a - z - 200. List the prime factors of a.
2, 5
Suppose -m + z - 2 = 0, z - 19 = -5*m + 1. Suppose l + 395 = 4*l - 5*x, -546 = -4*l - m*x. List the prime factors of l.
3, 5
Let p(a) = -a**2 + 4*a + 44. Let l be p(8). Suppose -9*z + 6552 = l*z. List the prime factors of z.
2, 3, 13
Let l = 202 + 55. What are the prime factors of l?
257
Let u(d) = -d**3 - 11*d**2 - 10*d + 6. Let r be u(-10). Suppose r*y - 359 = 919. What are the prime factors of y?
3, 71
Suppose 0 = 3*i - 0*i - 7*i. Suppose -5*x - 1 + 551 = i. What are the prime factors of x?
2, 5, 11
Suppose -5*d + 694 = -51. What are the prime factors of d?
149
Let a(o) = o**3 - 12*o**2 + 13*o - 16. Let t be a(11). Suppose -121 = t*s - 7*s. List the prime factors of s.
11
Let p be (-1 - 0 - -2)*4. Let s(c) = c**3 - 4*c**2 + c - 6. Let t be s(p). What are the prime factors of t/5 - (-4028)/95?
2, 3, 7
Let f(g) = -g**2 + 12*g - 10. Let o be f(9). Suppose o*h - 280 = 13*h. What are the prime factors of h?
2, 5, 7
Let r(p) be the first derivative of -p**4/2 - 2*p**3/3 + p**2/2 - 6*p + 7. List the prime factors of r(-3).
3
Suppose -3*w = 2*d - 38, -31 = -2*d + 2*w + 27. Suppose -5*i + 5*l + 85 = 0, -i = -l - 4*l - d. What are the prime factors of i?
3, 5
Let b be (3 - 3)/(6/6). Suppose b*n + 171 = n. List the prime factors of n.
3, 19
Let j(s) = -38*s - 1. Suppose -3*g + 5*g = 0. Suppose g = -5*n - 1 - 9. What are the prime factors of j(n)?
3, 5
Let g(f) be the first derivative of 2*f**3/3 - 3*f**2/2 + 282*f - 42. What are the prime factors of g(0)?
2, 3, 47
Let s be (12/(-4))/(-3)*1. Let d be 3 + (s - 2) + -9. What are the prime factors of 1/(-2)*56/d?
2
Suppose 0 = -329*s + 328*s + 112. What are the prime factors of s?
2, 7
Let q(i) = 123*i**2 + 19*i + 58. What are the prime factors of q(-3)?
2, 277
Let c(n) = n - 2. Let q be 2/8 + (-225)/20. Let y be c(q). Let w = y + 48. What are the prime factors of w?
5, 7
Suppose 14*t - 186 = 8*t. Let d = t - -121. List the prime factors of d.
2, 19
Let p = 6281 - 3621. List the prime factors of p.
2, 5, 7, 19
Suppose 0*a + 2*a = -3*u + 11, -5*a + 2 = -u. Suppose u = 5*f + b + 13, 0 = -4*f - 3*b + 3. Let v = 19 + f. List the prime factors of v.
2
Let q = -16 - -27. Suppose 5*v + 1 - q = 0. Suppose 3*j + v*a = 4*a + 142, -j + 52 = 4*a. List the prime factors of j.
2, 3
Suppose 4*o - 320 = 4*y + y, 4*o - 184 = 3*y. Let f = y + 108. What are the prime factors of f?
2, 5
Suppose 3*p - 8 = -p. Let c(a) = -59*a**p + 4*a + 0*a - 5 + 60*a**2. What are the prime factors of c(-8)?
3
Let a = 13 - 7. Suppose 0 = a*i - 264. List the prime factors of i.
2, 11
Let b(x) = -x + 13. Let m be b(-14). Suppose -155 = -3*t + 4*w, -5*t + m = 4*w - 274. List the prime factors of t.
3, 19
Let d(m) = m**3 - m**2 - m + 1. Let k(x) = 2*x**3 - 2*x**2 - 3*x - 162. Let n(g) = -3*d(g) + k(g). Let z be n(0). What are the prime factors of -2 - (1 + z)/4?
3, 13
Let n be 0 + (-4 - -6)*17. Let w be n/(-10) - (-18)/45. Let d(x) = -7*x - 2. List the prime factors of d(w).
19
Suppose 5*k = 2*b - 33775, -27023 = 4*k - 5*b + 4*b. What are the prime factors of (k/(-58))/((-1)/2 - -1)?
233
Let t(n) = n + 7. Let x = -10 + 3. Let r be t(x). Suppose -z + 0*z + 132 = 5*y, r = -5*y - 5*z + 140. List the prime factors of y.
2, 13
Let w(u) = 24*u**2 - 3*u + 4. Let p(a) = -a**2 - a + 1. Suppose -5*v - 15 = -0. Let c(k) = v*p(k) + w(k). What are the prime factors of c(-1)?
2, 7
Suppose -4*j = -88 + 72. Suppose -j*u + 294 = -2. List the prime factors of u.
2, 37
Suppose -i = 4, 4*d + 0*i = i + 20. Suppose -d*n - 20 = 0, 3*r - 3*n = -2*r + 495. List the prime factors of r.
2, 3
Suppose 4*y - 11302 = 2*p, 0 = -87*y + 83*y - 2*p + 11282. What are the prime factors of y?
3, 941
Suppose 0 = -3*l + 2*l + 4. Suppose -4*n + d = -n + 3, l*d = -n + 12. Suppose 2*a + a - 105 = n. List the prime factors of a.
5, 7
Suppose v - 3*v - 2*a + 96 = 0, -2*v + 5*a + 110 = 0. Let o(l) = l**3 + 7*l**2 - 6*l + 11. Let y be o(-8). List the prime factors of (v/y)/(2/(-5)).
5
Suppose 0 = -2*b - 3*a - 2*a + 70, a = -3*b + 79. Let s be (-10)/b - (-204)/10. Suppose -4*l - 2*w = l - 34, -l + s = -4*w. List the prime factors of l.
2
Let m(k) = k**2 - 8*k + 7. Let x = 18 + -12. Let z be m(x). What are the prime factors of (-1)/((-2 - z)/(-33))?
11
Let m(r) = 15*r**2 + 7*r - 7. Suppose 24 = -15*w + 84. List the prime factors of m(w).
3, 29
Suppose -4*c = -8 - 0. Let p be -51 + 3 + (2 - c). List the prime factors of p/(-10) - (-36)/(-45).
2
Suppose 0 = -5*a - 16 + 21, -3*n = 4*a - 787. List the prime factors of n.
3, 29
Suppose -5*s + 377 = -223. Let d = -59 + s. List the prime factors of d.
61
Let k be (-99)/(-77) - 2/7. List the prime factors of k + -1 + (-8 - -344)/8.
2, 3, 7
Let t be (-5)/(-1 + (4 - 4)). Suppose -4*i + 0*u = -2*u - 126, t*u = i - 27. List the prime factors of i.
2
Let l be (-1959 - -9)/(-2*(-9)/(-12)). What are the prime factors of (1 - l/16)/(9/(-24))?
2, 107
Suppose -980 = 5*c - 9*c. What are the prime factors of c?
5, 7
List the prime factors of -14*(390/(-12) - -3).
7, 59
Let r(d) = -d**3 - 2*d**2 - d + 1. Let y be r(-3). Suppose 3*j = y + 17. What are the prime factors of j?
2, 5
Let i(x) = 57*x**2 - 2*x - 3. List the prime factors of i(-2).
229
Suppose -z + 680 = 3*w, 2*z - 5*w + 635 - 2017 = 0. List the prime factors of z.
2, 7
Let b = -34 - -30. What are the prime factors of (-15)/(-20) - 321/b?
3
Let q(t) = -9*t + 308. Let z be q(0). Suppose 0 = -6*l + z + 238. List the prime factors of l.
7, 13
Suppose 2*t - 2 = 0, 8 = -2*h - t + 1. Let s be (-42)/(h/((-24)/9)). Let a = 11 - s. What are the prime fac